{"id":198,"date":"2024-07-09T23:22:45","date_gmt":"2024-07-09T21:22:45","guid":{"rendered":"https:\/\/pluh2.wordpress.com\/?page_id=198"},"modified":"2026-02-27T19:15:53","modified_gmt":"2026-02-27T19:15:53","slug":"jan-balaban-4","status":"publish","type":"page","link":"https:\/\/pluh.org\/index.php\/authors\/jan-balaban-4\/","title":{"rendered":"Jan Balab\u00e1n"},"content":{"rendered":"\n<div class=\"wp-block-columns alignfull are-vertically-aligned-center has-theme-2-color has-theme-5-background-color has-text-color has-background has-link-color wp-elements-263d474aef57a367d41fa311fec62afc is-layout-flex wp-container-core-columns-is-layout-28f84493 wp-block-columns-is-layout-flex\">\n<div class=\"wp-block-column is-vertically-aligned-center is-layout-flow wp-block-column-is-layout-flow\" style=\"flex-basis:25%\">\n<p><\/p>\n<\/div>\n\n\n\n<div class=\"wp-block-column is-vertically-aligned-center is-layout-flow wp-block-column-is-layout-flow\" style=\"flex-basis:50%\">\n<div class=\"wp-block-columns is-layout-flex wp-container-core-columns-is-layout-28f84493 wp-block-columns-is-layout-flex\">\n<div class=\"wp-block-column is-layout-flow wp-block-column-is-layout-flow\" style=\"flex-basis:66.66%\">\n<div class=\"wp-block-media-text has-media-on-the-right is-stacked-on-mobile\"><div class=\"wp-block-media-text__content\">\n<p><\/p>\n\n\n\n<blockquote class=\"wp-block-quote is-layout-flow wp-block-quote-is-layout-flow\">\n<p><em>\u201cJan Balab\u00e1n is considered to be one of the best writers of the post-1989 period.\u201d<\/em><\/p>\n\n\n\n<p class=\"has-text-align-right\">\u2014 Podcasty &#8211; Best Books You Must Read<\/p>\n<\/blockquote>\n<\/div><figure class=\"wp-block-media-text__media\"><img loading=\"lazy\" decoding=\"async\" width=\"497\" height=\"662\" src=\"https:\/\/pluh.org\/wp-content\/uploads\/2024\/07\/Jan-Balaban-1-edited.jpg\" alt=\"\" class=\"wp-image-1596 size-full\" srcset=\"https:\/\/pluh.org\/wp-content\/uploads\/2024\/07\/Jan-Balaban-1-edited.jpg 497w, https:\/\/pluh.org\/wp-content\/uploads\/2024\/07\/Jan-Balaban-1-edited-225x300.jpg 225w\" sizes=\"auto, (max-width: 497px) 100vw, 497px\" \/><\/figure><\/div>\n\n\n\n<p id=\"yui_3_17_2_1_1720552665019_479\">Jan Balab\u00e1n (1961-2010) is one of the most popular and greatest Czech contemporary writers. He is a master of the short story, as proven by the fact that his volume of short stories <em>Mo\u017en\u00e1 \u017ee odch\u00e1z\u00edme<\/em> (Perhaps We Are Leaving) received the Magnesia Litera Prize in 2005, was proclaimed Book of the Year 2004 and was chosen as the best book of the noughties. In 2004 he was nominated for the Czech State Prize for Literature. In a survey on the most important Czech authors over the last 20 years, Balab\u00e1n ended in the top three, together with Milan Kundera and J\u00e1chym Topol. He was active in the literary and art scene of his hometown Ostrava. As co-founder of the group P\u0159irozen\u00ed (The Natural &#8211; 1980), Balab\u00e1n helped spread underground art by organising exhibitions and readings in attics, corridors, subways and terrils on the outskirts of Ostrava.<\/p>\n\n\n\n<p>Balab\u00e1n also made name with his novels, like <em>Kudy \u0161el and\u011bl<\/em> (Where Was the Angel Going?) and with <em>Zeptej se t\u00e1ty<\/em> (Ask Dad), which was posthumously published in 2010. The book was awarded with the Magnesia Litera Prize and was chosen as Book of the Year 2010.<\/p>\n\n\n\n<p>His work focuses on the weak and less fortunate, who have to deal with the hardship of daily life and their personal traumatic history. Balab\u00e1n presents very intimate pictures combined with a great eye for detail. He is a great storyteller and a master of language.<\/p>\n\n\n\n<div class=\"wp-block-columns is-layout-flex wp-container-core-columns-is-layout-28f84493 wp-block-columns-is-layout-flex\">\n<div class=\"wp-block-column is-layout-flow wp-block-column-is-layout-flow\">\n<div class=\"wp-block-columns is-layout-flex wp-container-core-columns-is-layout-28f84493 wp-block-columns-is-layout-flex\">\n<div class=\"wp-block-column is-layout-flow wp-block-column-is-layout-flow\"><\/div>\n\n\n\n<div class=\"wp-block-column is-layout-flow wp-block-column-is-layout-flow\">\n<div class=\"wp-block-buttons is-layout-flex wp-block-buttons-is-layout-flex\">\n<div class=\"wp-block-button\"><a class=\"wp-block-button__link wp-element-button\" href=\"http:\/\/www.janbalaban.cz\/home-2.html\" target=\"_blank\" rel=\"noreferrer noopener\">AUTHOR WEBsite<\/a><\/div>\n<\/div>\n<\/div>\n\n\n\n<div class=\"wp-block-column is-layout-flow wp-block-column-is-layout-flow\"><\/div>\n<\/div>\n<\/div>\n<\/div>\n<\/div>\n\n\n\n<div class=\"wp-block-column is-layout-flow wp-block-column-is-layout-flow\"><\/div>\n\n\n\n<div class=\"wp-block-column is-layout-flow wp-block-column-is-layout-flow\" style=\"flex-basis:33.33%\">\n<h4 class=\"wp-block-heading\"><em><strong>Novels<\/strong><\/em><\/h4>\n\n\n\n<p><a href=\"https:\/\/pluh.org\/index.php\/cerny-beran\/\" data-type=\"link\" data-id=\"https:\/\/pluh.org\/index.php\/cerny-beran\/\"><strong>\u010cern\u00fd beran<\/strong><\/a> (The Black Ram)<br><em>Host, Brno (2000)<\/em><\/p>\n\n\n\n<p><a href=\"https:\/\/pluh.org\/index.php\/kudy-sel-andel\/\" data-type=\"link\" data-id=\"https:\/\/pluh.org\/index.php\/kudy-sel-andel\/\"><strong>Kudy \u0161el and\u011bl<\/strong>\u00a0<\/a>(Where Was the Angel Going?)<br><em>Vetus Via, Brno (2003)<\/em><\/p>\n\n\n\n<p><a href=\"https:\/\/pluh.org\/index.php\/jsme-tady\/\"><strong>Jsme tady<\/strong><\/a> (We\u2019re Here)<br><em>Host, Brno (2006)<\/em><\/p>\n\n\n\n<p><a href=\"https:\/\/pluh.org\/index.php\/zeptej-se-taty\/\"><strong>Zeptej se t\u00e1ty<\/strong><\/a> (Ask Dad)<br><em>Host, Brno (2010)<\/em><\/p>\n\n\n\n<h4 class=\"wp-block-heading\"><em>Volumes of short stories<\/em><\/h4>\n\n\n\n<p><a href=\"https:\/\/pluh.org\/index.php\/prazdniny\/\"><strong>Pr\u00e1zdniny<\/strong>\u00a0<\/a>(Holiday)<br><em>Host, Brno (1998)<\/em><\/p>\n\n\n\n<p><a href=\"https:\/\/pluh.org\/index.php\/mozna-ze-odchazime\/\"><strong>Mo\u017ena \u017ee odch\u00e1z\u00edme<\/strong><\/a> (Maybe We&#8217;re Leaving)<br><em>Host, Brno (2004)<\/em><\/p>\n\n\n\n<h4 class=\"wp-block-heading\" id=\"yui_3_17_2_1_1720560046909_530\"><em>Collective Works<\/em><\/h4>\n\n\n\n<p id=\"yui_3_17_2_1_1720560046909_548\"><strong>Pov\u00eddky<\/strong><strong> <\/strong>(Short Stories)<br><em>Host Publishers, Brno (2010)<\/em><\/p>\n\n\n\n<p><strong>Rom\u00e1ny a novely <\/strong>(Novels)<br><em>Host Publishers, Brno (2011)<\/em><\/p>\n\n\n\n<p><strong>Publicistika a hry<\/strong><strong> <\/strong>(Articles and Plays)<br><em>Host Publishers, Brno (2012)<\/em><\/p>\n<\/div>\n<\/div>\n<\/div>\n<\/div>\n","protected":false},"excerpt":{"rendered":"<p>\u201cJan Balab\u00e1n is considered to be one of the best writers of the post-1989 period.\u201d \u2014 Podcasty &#8211; Best Books You Must Read Jan Balab\u00e1n (1961-2010) is one of the most popular and greatest Czech contemporary writers. He is a master of the short story, as proven by the fact that his volume of short [&hellip;]<\/p>\n","protected":false},"author":1,"featured_media":1596,"parent":1357,"menu_order":0,"comment_status":"closed","ping_status":"closed","template":"","meta":{"footnotes":""},"class_list":["post-198","page","type-page","status-publish","has-post-thumbnail","hentry"],"_links":{"self":[{"href":"https:\/\/pluh.org\/index.php\/wp-json\/wp\/v2\/pages\/198","targetHints":{"allow":["GET"]}}],"collection":[{"href":"https:\/\/pluh.org\/index.php\/wp-json\/wp\/v2\/pages"}],"about":[{"href":"https:\/\/pluh.org\/index.php\/wp-json\/wp\/v2\/types\/page"}],"author":[{"embeddable":true,"href":"https:\/\/pluh.org\/index.php\/wp-json\/wp\/v2\/users\/1"}],"replies":[{"embeddable":true,"href":"https:\/\/pluh.org\/index.php\/wp-json\/wp\/v2\/comments?post=198"}],"version-history":[{"count":2,"href":"https:\/\/pluh.org\/index.php\/wp-json\/wp\/v2\/pages\/198\/revisions"}],"predecessor-version":[{"id":1632,"href":"https:\/\/pluh.org\/index.php\/wp-json\/wp\/v2\/pages\/198\/revisions\/1632"}],"up":[{"embeddable":true,"href":"https:\/\/pluh.org\/index.php\/wp-json\/wp\/v2\/pages\/1357"}],"wp:featuredmedia":[{"embeddable":true,"href":"https:\/\/pluh.org\/index.php\/wp-json\/wp\/v2\/media\/1596"}],"wp:attachment":[{"href":"https:\/\/pluh.org\/index.php\/wp-json\/wp\/v2\/media?parent=198"}],"curies":[{"name":"wp","href":"https:\/\/api.w.org\/{rel}","templated":true}]}}