{"id":207,"date":"2024-07-09T23:34:33","date_gmt":"2024-07-09T21:34:33","guid":{"rendered":"https:\/\/pluh2.wordpress.com\/?page_id=207"},"modified":"2026-02-27T19:15:34","modified_gmt":"2026-02-27T19:15:34","slug":"filip-topol","status":"publish","type":"page","link":"https:\/\/pluh.org\/index.php\/authors\/filip-topol\/","title":{"rendered":"Filip Topol"},"content":{"rendered":"\n<div class=\"wp-block-columns alignfull are-vertically-aligned-center has-theme-2-color has-theme-5-background-color has-text-color has-background has-link-color wp-elements-e9bc7c3181abcb80c9658e79346f7930 is-layout-flex wp-container-core-columns-is-layout-28f84493 wp-block-columns-is-layout-flex\">\n<div class=\"wp-block-column is-vertically-aligned-center is-layout-flow wp-block-column-is-layout-flow\" style=\"flex-basis:25%\">\n<p><\/p>\n<\/div>\n\n\n\n<div class=\"wp-block-column is-vertically-aligned-center is-layout-flow wp-block-column-is-layout-flow\" style=\"flex-basis:50%\">\n<div class=\"wp-block-columns is-layout-flex wp-container-core-columns-is-layout-28f84493 wp-block-columns-is-layout-flex\">\n<div class=\"wp-block-column is-layout-flow wp-block-column-is-layout-flow\" style=\"flex-basis:66.66%\">\n<div class=\"wp-block-columns is-layout-flex wp-container-core-columns-is-layout-28f84493 wp-block-columns-is-layout-flex\">\n<div class=\"wp-block-column is-layout-flow wp-block-column-is-layout-flow\">\n<div class=\"wp-block-columns is-layout-flex wp-container-core-columns-is-layout-28f84493 wp-block-columns-is-layout-flex\">\n<div class=\"wp-block-column is-layout-flow wp-block-column-is-layout-flow\">\n<div class=\"wp-block-media-text has-media-on-the-right is-stacked-on-mobile is-vertically-aligned-center\" style=\"grid-template-columns:auto 49%\"><div class=\"wp-block-media-text__content\">\n<blockquote class=\"wp-block-quote is-layout-flow wp-block-quote-is-layout-flow\">\n<p>\u201cOf his lyrics, he said, \u2018I wanted to make music so dark, even the Commies would slit their own throats.\u2019\u201d<\/p>\n\n\n\n<p class=\"has-text-align-right\">\u2014 New York Times<\/p>\n<\/blockquote>\n<\/div><figure class=\"wp-block-media-text__media\"><img loading=\"lazy\" decoding=\"async\" width=\"481\" height=\"722\" src=\"https:\/\/pluh.org\/wp-content\/uploads\/2024\/07\/Fillip-Topol-Copyright-Henrik-Barendse-edited.jpg\" alt=\"\" class=\"wp-image-1585 size-full\" srcset=\"https:\/\/pluh.org\/wp-content\/uploads\/2024\/07\/Fillip-Topol-Copyright-Henrik-Barendse-edited.jpg 481w, https:\/\/pluh.org\/wp-content\/uploads\/2024\/07\/Fillip-Topol-Copyright-Henrik-Barendse-edited-200x300.jpg 200w\" sizes=\"auto, (max-width: 481px) 100vw, 481px\" \/><\/figure><\/div>\n<\/div>\n<\/div>\n<\/div>\n<\/div>\n\n\n\n<p id=\"yui_3_17_2_1_1720552665019_479\">Filip Topol (1965-2013) was a descendant of a famous literary family in the Czech Republic. He was the grandson of the writer Karel Schulz and son of the famous playwright and former dissident Josef Topol. Moreover, he was the younger brother of J\u00e1chym Topol, currently the best-known representative of contemporary Czech literature. Yet, when hearing the name Filip Topol, few will associate it with literature. Indeed, he enjoys much more fame as a musician &#8211; singer, pianist and songwriter.<\/p>\n\n\n\n<p>Topol was the frontman of the infamous band Ps\u00ed Voj\u00e1ci (Dog Soldiers), a band that has been at the centre of the alternative music scene in the Czech Republic for many years. He started making music at an early age and in 1979 he and his band, all made up of young adolescents, performed for the first time. One of the first gigs took place at the country house of the then dissident, and later president, V\u00e1clav Havel. Topol was fully part of the Prague underground, a movement that opposed the official cultural policies of the repressive communist regime in those years. A reflection of that period can be found in Topol&#8217;s first novella <em>Mn\u011b t\u0159in\u00e1c<\/em>t (Am 13) from 1995, a diary in which he jotted down his adventures when he was 13. In an unadorned style, the reader is presented with Topol&#8217;s wild life in the late 1970s in Prague, a life larded with parties, friends, school, girlfriends, booze, drugs and, of course, music. This does not mean it is an obligatory adolescent story, far from it. It is original and gives a nice insight into the illustrious Prague underground. Topol uses slang, colloquialisms lavishly in this novella and as a whole it exudes authenticity. Indeed, he concludes his diary entries by saying that everything he has written down is true.<\/p>\n\n\n\n<p>His passion remained making music, paying at least as much attention to the lyrics, which are of special literary quality. Initially, Filip used poems and lyrics by his brother and famously, he lured J\u00e1chym to a studio and made him read poems from his novel <em>Sestra<\/em> (Sister). Filip secretly recorded the readings and later put his own composed music under them. Afterwards, he started writing more of his own lyrics, also with a strong poetic slant, which were periodically published in separate, small volumes.The music and lyrics took on an extra dimension during the live performances he gave alone or with his band. It was a real experience to see how Filip Topol, in everyday life a sensitive, quiet, amiable guy, underwent a metamorphosis as soon as he sat down at the piano. His reputation as a live performer has become legendary and has indeed led to legends surrounding it. For years, for instance, it has been rumoured that he played with razor blades between the keys, because he sometimes indulged himself to the point of blood on the piano. This rumour was partly inspired by the 1994 film <em>\u017diletky<\/em> (Gillettes &#8211; razor blades), in which Filip starred. He himself had always denied this and, according to him, the whole story was based on a misunderstanding: &#8216;It&#8217;s called a kind of glissando when you go over the keys with your knuckles, and then it can happen that you do cut your fingers.&#8217;<\/p>\n\n\n\n<p>The intensity with which Filip Topol performed and the poetry of his lyrics are also reflected in his prose work, and this is especially true of the novella <em>The Trip to Corsica<\/em> (1999). Like <em>Am 13<\/em>, it is an autobiographical work, in which he does not spare himself and candidly refers to his alcohol addiction. In a pleasant way, it is more erudite than his previous text, but it is certainly not swaggering or daunting. It is, however, a story full of feeling, in which he presents himself as a sensitive writer.<\/p>\n<\/div>\n\n\n\n<div class=\"wp-block-column is-layout-flow wp-block-column-is-layout-flow\"><\/div>\n\n\n\n<div class=\"wp-block-column is-layout-flow wp-block-column-is-layout-flow\" style=\"flex-basis:33.33%\">\n<div style=\"height:13px\" aria-hidden=\"true\" class=\"wp-block-spacer\"><\/div>\n\n\n\n<h4 class=\"wp-block-heading\"><em><strong>Novels<\/strong><\/em><\/h4>\n\n\n\n<p><strong>Mn\u011b 13<\/strong> (Am 13)<br><em>Ma\u0165a Publishers, Prague (1995)<\/em><\/p>\n\n\n\n<p><a href=\"https:\/\/pluh.org\/index.php\/karla-klenotnika-cesta-na-korsiku\/\" data-type=\"link\" data-id=\"https:\/\/pluh.org\/index.php\/karla-klenotnika-cesta-na-korsiku\/\"><strong>Karla Klenotn\u00edka cesta na Korsiku<\/strong><\/a> (The Trip to Corsica)<br><em>Ma\u0165a Publishers, Prague (1999)<\/em><\/p>\n\n\n\n<p><strong>T\u0159i novely<\/strong> (Three short novels)<br><em>Ma\u0165a Publishers, Prague (2004)<\/em><\/p>\n\n\n\n<p><strong>Jako pes<\/strong> (As a dog)<br><em>Revolver Revue, Prague (2013)<\/em><\/p>\n\n\n\n<h4 class=\"wp-block-heading\"><em>Poetry<\/em><\/h4>\n\n\n\n<p><strong>Ps\u00ed Voj\u00e1ci<\/strong> (Dog Soldiers)<br><em>Ma\u0165a Publishers, Prague (1993)<\/em><\/p>\n\n\n\n<p><strong>Sakramil\u00e1\u010dku<\/strong> (Damndarling)<br><em>Ma\u0165a Publishers, Prague (1997)<\/em><\/p>\n\n\n\n<p><strong>St\u0159epy<\/strong> (Splinters)<br><em>Ma\u0165a Publishers, Prague (1999)<\/em><\/p>\n\n\n\n<p><strong>N\u00e1rod Ps\u00edch vojak\u016f<\/strong> (The Nation of Dog Soldiers)<br><em>Ma\u0165a Publishers, Prague (1999)<\/em><\/p>\n\n\n\n<div style=\"height:100px\" aria-hidden=\"true\" class=\"wp-block-spacer\"><\/div>\n<\/div>\n<\/div>\n<\/div>\n<\/div>\n","protected":false},"excerpt":{"rendered":"<p>\u201cOf his lyrics, he said, \u2018I wanted to make music so dark, even the Commies would slit their own throats.\u2019\u201d \u2014 New York Times Filip Topol (1965-2013) was a descendant of a famous literary family in the Czech Republic. He was the grandson of the writer Karel Schulz and son of the famous playwright and [&hellip;]<\/p>\n","protected":false},"author":1,"featured_media":860,"parent":1357,"menu_order":0,"comment_status":"closed","ping_status":"closed","template":"","meta":{"footnotes":""},"class_list":["post-207","page","type-page","status-publish","has-post-thumbnail","hentry"],"_links":{"self":[{"href":"https:\/\/pluh.org\/index.php\/wp-json\/wp\/v2\/pages\/207","targetHints":{"allow":["GET"]}}],"collection":[{"href":"https:\/\/pluh.org\/index.php\/wp-json\/wp\/v2\/pages"}],"about":[{"href":"https:\/\/pluh.org\/index.php\/wp-json\/wp\/v2\/types\/page"}],"author":[{"embeddable":true,"href":"https:\/\/pluh.org\/index.php\/wp-json\/wp\/v2\/users\/1"}],"replies":[{"embeddable":true,"href":"https:\/\/pluh.org\/index.php\/wp-json\/wp\/v2\/comments?post=207"}],"version-history":[{"count":3,"href":"https:\/\/pluh.org\/index.php\/wp-json\/wp\/v2\/pages\/207\/revisions"}],"predecessor-version":[{"id":1592,"href":"https:\/\/pluh.org\/index.php\/wp-json\/wp\/v2\/pages\/207\/revisions\/1592"}],"up":[{"embeddable":true,"href":"https:\/\/pluh.org\/index.php\/wp-json\/wp\/v2\/pages\/1357"}],"wp:featuredmedia":[{"embeddable":true,"href":"https:\/\/pluh.org\/index.php\/wp-json\/"}],"wp:attachment":[{"href":"https:\/\/pluh.org\/index.php\/wp-json\/wp\/v2\/media?parent=207"}],"curies":[{"name":"wp","href":"https:\/\/api.w.org\/{rel}","templated":true}]}}