{"id":322,"date":"2024-07-10T17:22:09","date_gmt":"2024-07-10T15:22:09","guid":{"rendered":"https:\/\/pluh2.wordpress.com\/?page_id=322"},"modified":"2024-07-10T17:22:09","modified_gmt":"2024-07-10T15:22:09","slug":"sokrates-na-rovniku","status":"publish","type":"page","link":"https:\/\/pluh.org\/index.php\/sokrates-na-rovniku\/","title":{"rendered":"Sokrates na rovn\u00edku"},"content":{"rendered":"\n<h2 class=\"wp-block-heading\">(Socrates at the Equator)<\/h2>\n\n\n\n<div class=\"wp-block-columns alignwide is-layout-flex wp-container-core-columns-is-layout-28f84493 wp-block-columns-is-layout-flex\">\n<div class=\"wp-block-column is-layout-flow wp-block-column-is-layout-flow\">\n<div class=\"wp-block-columns is-layout-flex wp-container-core-columns-is-layout-28f84493 wp-block-columns-is-layout-flex\">\n<div class=\"wp-block-column is-layout-flow wp-block-column-is-layout-flow\">\n<div class=\"wp-block-columns is-layout-flex wp-container-core-columns-is-layout-28f84493 wp-block-columns-is-layout-flex\">\n<div class=\"wp-block-column is-layout-flow wp-block-column-is-layout-flow\"><\/div>\n\n\n\n<div class=\"wp-block-column is-layout-flow wp-block-column-is-layout-flow\">\n<div style=\"height:2px\" aria-hidden=\"true\" class=\"wp-block-spacer\"><\/div>\n\n\n\n<blockquote class=\"wp-block-quote is-layout-flow wp-block-quote-is-layout-flow\">\n<p><em>\u201c\u2018Socrates at the Equator\u2019 opens your eyes. Hopefully for a long time, or better yet, permanently.\u201d<\/em><\/p>\n\n\n\n<p class=\"has-text-align-right\">\u2014 Mlad\u00e1 fronta DNES<br><\/p>\n<\/blockquote>\n<\/div>\n\n\n\n<div class=\"wp-block-column is-layout-flow wp-block-column-is-layout-flow\">\n<figure class=\"wp-block-image aligncenter size-large is-resized\"><img decoding=\"async\" src=\"https:\/\/pluh2.wordpress.com\/wp-content\/uploads\/2024\/07\/czech-cover-sokrates.jpg?w=215\" alt=\"\" class=\"wp-image-997\" style=\"width:268px;height:auto\" \/><\/figure>\n<\/div>\n<\/div>\n<\/div>\n\n\n\n<div class=\"wp-block-column is-layout-flow wp-block-column-is-layout-flow\">\n<div class=\"wp-block-columns is-layout-flex wp-container-core-columns-is-layout-28f84493 wp-block-columns-is-layout-flex\">\n<div class=\"wp-block-column is-layout-flow wp-block-column-is-layout-flow\" style=\"flex-basis:66.66%\">\n<div style=\"height:0px\" aria-hidden=\"true\" class=\"wp-block-spacer\"><\/div>\n\n\n\n<details class=\"wp-block-details is-layout-flow wp-block-details-is-layout-flow\"><summary>About the Book<\/summary>\n<figure class=\"wp-block-table\"><table class=\"has-fixed-layout\"><tbody><tr><td class=\"has-text-align-center\" data-align=\"center\"><strong>Original Title<\/strong><\/td><td>Sokrates na rovn\u00edku<\/td><\/tr><tr><td class=\"has-text-align-center\" data-align=\"center\"><strong>First Published<\/strong><\/td><td>2013<\/td><\/tr><tr><td class=\"has-text-align-center\" data-align=\"center\"><strong>Publisher<\/strong><\/td><td>Mishkezy, Prague<\/td><\/tr><tr><td class=\"has-text-align-center\" data-align=\"center\"><strong>Pages<\/strong><\/td><td>198<\/td><\/tr><\/tbody><\/table><\/figure>\n<\/details>\n<\/div>\n\n\n\n<div class=\"wp-block-column is-layout-flow wp-block-column-is-layout-flow\" style=\"flex-basis:33.33%\"><\/div>\n<\/div>\n<\/div>\n<\/div>\n<\/div>\n<\/div>\n\n\n\n<div class=\"wp-block-columns alignwide is-layout-flex wp-container-core-columns-is-layout-28f84493 wp-block-columns-is-layout-flex\">\n<div class=\"wp-block-column is-layout-flow wp-block-column-is-layout-flow\">\n<p id=\"yui_3_17_2_1_1720562313329_602\"><em>Socrates on the Equator<\/em> is a non-fiction book on the theme of Czech author Tom\u00e1\u0161 Zme\u0161kal&#8217;s search for his Congolese father. The book has two parts, the first describing the search and the second, in diary form, the visit in Congo to his father and his family.<\/p>\n\n\n\n<p>The book opens by describing how, in 2006, eight years after returning from an 11-year stay in London, Zme\u0161kal decides to take up the search for his father again, leaving no stone unturned even though he has little to no concrete leads. His hopes of finding his father are slim, and he compensates by immersing himself as much as he can in Congo&#8217;s history and, for instance, in how and why his father was able to end up in the then communist Czechoslovakia from Congo in the 1960s. Tragic in this, his mother refuses to give him any information about his father.<\/p>\n\n\n\n<p>Crucially is a meeting with renowned Belgian writer David van Reybroeck, known for his book <em>Congo<\/em>, Thanks to van Reybroeck&#8217;s contacts in Congo, there is hope that Zme\u0161kal will actually find out something concrete about his father. The first part ends with Zme\u0161kal , now back in Prague, receiving an e-mail from his half-sister. It then turns out that his family has also been looking for him for some time.<\/p>\n\n\n\n<p>.The second part is an account of Zme\u0161kal&#8217;s trip to Congo. In the form of a diary, he describes, among other things, his meeting with his father and his family. A thread running through this diary is the clash between two cultures: Zme\u0161kal as a (Western) European who, as his father&#8217;s eldest child, suddenly becomes the pater familias in an African (Congolese) culture he is unfamiliar with and sometimes at odds with his own European values and norms. His statement: &#8216;For Europe I am too black, for Africa I am too white,&#8217; sums it up.<\/p>\n\n\n\n<p id=\"yui_3_17_2_1_1720562313329_602\">The diary is a combination of tourist impressions, historical facts, sketches of a self-consciously developing society, a glimpse into complex family ties (Zme\u0161kal&#8217;s father married several times and has children from all his marriages), and into the prevailing social and cultural codes. But above all, it is still a personal account, in which Zme\u0161kal also explicitly reflects his own person and experiences.<\/p>\n<\/div>\n\n\n\n<div class=\"wp-block-column is-layout-flow wp-block-column-is-layout-flow\">\n<blockquote class=\"wp-block-quote is-layout-flow wp-block-quote-is-layout-flow\">\n<p><em>\u201cTom\u00e1\u0161 Zme\u0161kal\u2019s book oscillates between fiction and non-fiction. The amount of information and the way it is presented about the history and present of the Congo goes beyond the usual amount of facts used in fiction. The realistic, unembellished view of Africa and his family members also contributes to this impression. For the reader, the book is an opportunity to share Zme\u0161kal\u2019s world for a while, to participate in his quest.\u201d<\/em><\/p>\n\n\n\n<p class=\"has-text-align-right\">\u2014 Va\u0161e Literatura<br><\/p>\n<\/blockquote>\n\n\n\n<blockquote class=\"wp-block-quote is-layout-flow wp-block-quote-is-layout-flow\">\n<p><em>\u201cTom\u00e1\u0161 Zme\u0161kal\u2019s book \u2018Socrates at the Equator\u2019 is more personal than his previous novels.\u201d<\/em><\/p>\n\n\n\n<p class=\"has-text-align-right\">\u2014 Hospod\u00e1\u0159sk\u00e9 noviny<\/p>\n<\/blockquote>\n<\/div>\n<\/div>\n","protected":false},"excerpt":{"rendered":"<p>(Socrates at the Equator) \u201c\u2018Socrates at the Equator\u2019 opens your eyes. Hopefully for a long time, or better yet, permanently.\u201d \u2014 Mlad\u00e1 fronta DNES Socrates on the Equator is a non-fiction book on the theme of Czech author Tom\u00e1\u0161 Zme\u0161kal&#8217;s search for his Congolese father. The book has two parts, the first describing the search [&hellip;]<\/p>\n","protected":false},"author":1,"featured_media":997,"parent":0,"menu_order":0,"comment_status":"closed","ping_status":"closed","template":"","meta":{"footnotes":""},"class_list":["post-322","page","type-page","status-publish","has-post-thumbnail","hentry"],"_links":{"self":[{"href":"https:\/\/pluh.org\/index.php\/wp-json\/wp\/v2\/pages\/322","targetHints":{"allow":["GET"]}}],"collection":[{"href":"https:\/\/pluh.org\/index.php\/wp-json\/wp\/v2\/pages"}],"about":[{"href":"https:\/\/pluh.org\/index.php\/wp-json\/wp\/v2\/types\/page"}],"author":[{"embeddable":true,"href":"https:\/\/pluh.org\/index.php\/wp-json\/wp\/v2\/users\/1"}],"replies":[{"embeddable":true,"href":"https:\/\/pluh.org\/index.php\/wp-json\/wp\/v2\/comments?post=322"}],"version-history":[{"count":0,"href":"https:\/\/pluh.org\/index.php\/wp-json\/wp\/v2\/pages\/322\/revisions"}],"wp:featuredmedia":[{"embeddable":true,"href":"https:\/\/pluh.org\/index.php\/wp-json\/"}],"wp:attachment":[{"href":"https:\/\/pluh.org\/index.php\/wp-json\/wp\/v2\/media?parent=322"}],"curies":[{"name":"wp","href":"https:\/\/api.w.org\/{rel}","templated":true}]}}