{"id":330,"date":"2024-07-10T18:00:44","date_gmt":"2024-07-10T16:00:44","guid":{"rendered":"https:\/\/pluh2.wordpress.com\/?page_id=330"},"modified":"2026-02-25T09:41:06","modified_gmt":"2026-02-25T09:41:06","slug":"praskliny","status":"publish","type":"page","link":"https:\/\/pluh.org\/index.php\/praskliny\/","title":{"rendered":"Praskliny"},"content":{"rendered":"\n<h2 class=\"wp-block-heading\">(Cracks )<\/h2>\n\n\n\n<div class=\"wp-block-columns alignwide is-layout-flex wp-container-core-columns-is-layout-28f84493 wp-block-columns-is-layout-flex\">\n<div class=\"wp-block-column is-layout-flow wp-block-column-is-layout-flow\">\n<div class=\"wp-block-columns is-layout-flex wp-container-core-columns-is-layout-28f84493 wp-block-columns-is-layout-flex\">\n<div class=\"wp-block-column is-layout-flow wp-block-column-is-layout-flow\">\n<div class=\"wp-block-columns is-layout-flex wp-container-core-columns-is-layout-28f84493 wp-block-columns-is-layout-flex\">\n<div class=\"wp-block-column is-layout-flow wp-block-column-is-layout-flow\"><\/div>\n\n\n\n<div class=\"wp-block-column is-layout-flow wp-block-column-is-layout-flow\">\n<div style=\"height:0px\" aria-hidden=\"true\" class=\"wp-block-spacer\"><\/div>\n\n\n\n<blockquote class=\"wp-block-quote is-layout-flow wp-block-quote-is-layout-flow\">\n<p><em>\u201cThe author tackles in an interesting way topical issues and the initial idea could be extremely powerful.\u201d<\/em><\/p>\n\n\n\n<p class=\"has-text-align-right\">\u2014 iLiteratura<\/p>\n<\/blockquote>\n<\/div>\n\n\n\n<div class=\"wp-block-column is-layout-flow wp-block-column-is-layout-flow\">\n<figure class=\"wp-block-image aligncenter size-large is-resized\"><img decoding=\"async\" src=\"https:\/\/pluh2.wordpress.com\/wp-content\/uploads\/2024\/07\/cover-czech-praskliny.jpg?w=450\" alt=\"\" class=\"wp-image-331\" style=\"width:268px;height:auto\"\/><\/figure>\n<\/div>\n<\/div>\n<\/div>\n\n\n\n<div class=\"wp-block-column is-layout-flow wp-block-column-is-layout-flow\">\n<div class=\"wp-block-columns is-layout-flex wp-container-core-columns-is-layout-28f84493 wp-block-columns-is-layout-flex\">\n<div class=\"wp-block-column is-layout-flow wp-block-column-is-layout-flow\" style=\"flex-basis:66.66%\">\n<div style=\"height:0px\" aria-hidden=\"true\" class=\"wp-block-spacer\"><\/div>\n\n\n\n<details class=\"wp-block-details is-layout-flow wp-block-details-is-layout-flow\"><summary>About the Book<\/summary>\n<figure class=\"wp-block-table is-style-stripes\"><table class=\"has-fixed-layout\"><tbody><tr><td class=\"has-text-align-center\" data-align=\"center\"><strong>Original Title<\/strong><\/td><td>Praskliny<\/td><\/tr><tr><td class=\"has-text-align-center\" data-align=\"center\"><strong>First Published<\/strong><\/td><td>2021<\/td><\/tr><tr><td class=\"has-text-align-center\" data-align=\"center\"><strong>Publisher<\/strong><\/td><td>Listen, Prague<\/td><\/tr><tr><td class=\"has-text-align-center\" data-align=\"center\"><strong>Pages<\/strong><\/td><td>232<\/td><\/tr><\/tbody><\/table><\/figure>\n<\/details>\n\n\n\n<details class=\"wp-block-details is-layout-flow wp-block-details-is-layout-flow\"><summary>Rights Sold<\/summary>\n<figure class=\"wp-block-table is-style-stripes\"><table class=\"has-fixed-layout\"><tbody><tr><td class=\"has-text-align-center\" data-align=\"center\"><strong>Poland<\/strong><\/td><td>Dowody &#8211; Warsaw<\/td><\/tr><tr><td class=\"has-text-align-center\" data-align=\"center\"><strong>Serbia<\/strong><\/td><td>Blum &#8211; Belgrade<\/td><\/tr><tr><td class=\"has-text-align-center\" data-align=\"center\"><strong>Hungary<\/strong><\/td><td>Metropolis &#8211; Cs\u00f3mad<\/td><\/tr><tr><td class=\"has-text-align-center\" data-align=\"center\"><strong>Germany<\/strong><\/td><td>HarperCollins Deutschland &#8211; Hamburg<\/td><\/tr><\/tbody><\/table><\/figure>\n<\/details>\n<\/div>\n\n\n\n<div class=\"wp-block-column is-layout-flow wp-block-column-is-layout-flow\" style=\"flex-basis:33.33%\"><\/div>\n<\/div>\n<\/div>\n<\/div>\n<\/div>\n<\/div>\n\n\n\n<div class=\"wp-block-columns alignwide is-layout-flex wp-container-core-columns-is-layout-28f84493 wp-block-columns-is-layout-flex\">\n<div class=\"wp-block-column is-layout-flow wp-block-column-is-layout-flow\">\n<p id=\"yui_3_17_2_1_1720562313329_602\">This disturbing debut by the young screenwriter is an original analysis of a society ignoring its impending doom.<\/p>\n\n\n\n<p>When the novel opens with a mysterious sphere arriving to Earth from outer space, it could easily just be another sci-fi story. However, Kl\u00e1ra Vlas\u00e1kov\u00e1 avoids genre stereotypes and describes a society through resigned, apathetic figures who remain lifeless, becoming ever more blind and affected by the unknown sphere, the presence of which is left entirely unexplained. The gloomy but fast-paced psychological narrative could be a metaphor for a dehumanized society which has been transformed into a lifeless machine. A stylistically convincing novel which forces the reader to think.<\/p>\n\n\n\n<p id=\"yui_3_17_2_1_1720562313329_602\">Throughout the book, there is a long-lasting heat wave that holds society in its grips. Global warming, in the background, is an important element in the story: for example, groups of people go see the sphere in the hope that it might change this situation. In this way, the story is embedded in current social problems. The characters are everyday, average people, and recognizable to the reader. Like everyone else, they struggle with life in their own way. Some have traumatic experiences, others experience setbacks in a changing world. They seek solace in pills, struggle with burnout, fall into lethargy; in short, they have trouble living. A life that is now confronted with something inexplicable, a floating sphere that reacts to nothing and does nothing. But it does affect people.<\/p>\n<\/div>\n\n\n\n<div class=\"wp-block-column is-layout-flow wp-block-column-is-layout-flow\">\n<blockquote class=\"wp-block-quote is-layout-flow wp-block-quote-is-layout-flow\">\n<p><em>\u201cKl\u00e1ra Vlas\u00e1kov\u00e1 presents an image of a world in crisis which is not futuristic \u2013 in fact most readers will recognize it: it is a world which has lost the ability to govern and control its own destiny.\u201d<\/em><\/p>\n\n\n\n<p class=\"has-text-align-right\">\u2014 Aktu\u00e1ln\u011b<\/p>\n<\/blockquote>\n\n\n\n<blockquote class=\"wp-block-quote is-layout-flow wp-block-quote-is-layout-flow\">\n<p><em>\u201cKl\u00e1ra Vlas\u00e1kov\u00e1 presents an image of a world in crisis which is not futuristic \u2013 in fact most readers will recognize it: it is a world which has lost the ability to govern and control its own destiny.\u201d<\/em><\/p>\n\n\n\n<p class=\"has-text-align-right\">\u2014 iDnes<\/p>\n<\/blockquote>\n\n\n\n<blockquote class=\"wp-block-quote is-layout-flow wp-block-quote-is-layout-flow\">\n<p><em>\u201cIn each of her stories, the author is not afraid to express her opinion on the problems of our everyday life: she talks about the socially vulnerable, about alienation in work and private relationships, but also about the climate crisis. But she does so non-violently, engagingly, as if out of the blue.\u201d<\/em><\/p>\n\n\n\n<p class=\"has-text-align-right\">\u2014 iDnes<\/p>\n<\/blockquote>\n<\/div>\n<\/div>\n","protected":false},"excerpt":{"rendered":"<p>(Cracks ) \u201cThe author tackles in an interesting way topical issues and the initial idea could be extremely powerful.\u201d \u2014 iLiteratura This disturbing debut by the young screenwriter is an original analysis of a society ignoring its impending doom. When the novel opens with a mysterious sphere arriving to Earth from outer space, it could [&hellip;]<\/p>\n","protected":false},"author":1,"featured_media":331,"parent":0,"menu_order":0,"comment_status":"closed","ping_status":"closed","template":"","meta":{"footnotes":""},"class_list":["post-330","page","type-page","status-publish","has-post-thumbnail","hentry"],"_links":{"self":[{"href":"https:\/\/pluh.org\/index.php\/wp-json\/wp\/v2\/pages\/330","targetHints":{"allow":["GET"]}}],"collection":[{"href":"https:\/\/pluh.org\/index.php\/wp-json\/wp\/v2\/pages"}],"about":[{"href":"https:\/\/pluh.org\/index.php\/wp-json\/wp\/v2\/types\/page"}],"author":[{"embeddable":true,"href":"https:\/\/pluh.org\/index.php\/wp-json\/wp\/v2\/users\/1"}],"replies":[{"embeddable":true,"href":"https:\/\/pluh.org\/index.php\/wp-json\/wp\/v2\/comments?post=330"}],"version-history":[{"count":3,"href":"https:\/\/pluh.org\/index.php\/wp-json\/wp\/v2\/pages\/330\/revisions"}],"predecessor-version":[{"id":1790,"href":"https:\/\/pluh.org\/index.php\/wp-json\/wp\/v2\/pages\/330\/revisions\/1790"}],"wp:featuredmedia":[{"embeddable":true,"href":"https:\/\/pluh.org\/index.php\/wp-json\/"}],"wp:attachment":[{"href":"https:\/\/pluh.org\/index.php\/wp-json\/wp\/v2\/media?parent=330"}],"curies":[{"name":"wp","href":"https:\/\/api.w.org\/{rel}","templated":true}]}}